{"id":126,"date":"2025-08-07T16:22:35","date_gmt":"2025-08-07T16:22:35","guid":{"rendered":"https:\/\/www.zeitzudenken.arranca.de\/?page_id=126"},"modified":"2026-05-01T09:19:41","modified_gmt":"2026-05-01T09:19:41","slug":"aufruf","status":"publish","type":"page","link":"https:\/\/zeitzudenken.arranca.de\/","title":{"rendered":"Ank\u00fcndigung"},"content":{"rendered":"\n<figure class=\"wp-block-image size-large is-resized\"><img loading=\"lazy\" decoding=\"async\" width=\"724\" height=\"1024\" src=\"https:\/\/zeitzudenken.arranca.de\/wp-content\/uploads\/2026\/05\/ZZD_Plakat_Lila-724x1024.png\" alt=\"\" class=\"wp-image-455\" style=\"aspect-ratio:0.7070430254864346;width:406px;height:auto\" srcset=\"https:\/\/zeitzudenken.arranca.de\/wp-content\/uploads\/2026\/05\/ZZD_Plakat_Lila-724x1024.png 724w, https:\/\/zeitzudenken.arranca.de\/wp-content\/uploads\/2026\/05\/ZZD_Plakat_Lila-212x300.png 212w, https:\/\/zeitzudenken.arranca.de\/wp-content\/uploads\/2026\/05\/ZZD_Plakat_Lila-768x1086.png 768w, https:\/\/zeitzudenken.arranca.de\/wp-content\/uploads\/2026\/05\/ZZD_Plakat_Lila-1086x1536.png 1086w, https:\/\/zeitzudenken.arranca.de\/wp-content\/uploads\/2026\/05\/ZZD_Plakat_Lila-1448x2048.png 1448w, https:\/\/zeitzudenken.arranca.de\/wp-content\/uploads\/2026\/05\/ZZD_Plakat_Lila-scaled.png 1810w\" sizes=\"auto, (max-width: 724px) 100vw, 724px\" \/><\/figure>\n\n\n\n<div style=\"height:14px\" aria-hidden=\"true\" class=\"wp-block-spacer\"><\/div>\n\n\n\n<p>Politik und \u00d6konomie befinden sich im Wandel: in den internationalen Beziehungen und in der Au\u00dfenpolitik, im Sozialstaat und auf dem Arbeitsmarkt ebenso wie bei Fragen der Reproduktion und der Geschlechterverh\u00e4ltnisse zeichnen sich umfassende Ver\u00e4nderungen ab. Wie sieht dieser Wandel im Einzelnen aus, was treibt ihn an und wohin f\u00fchrt er? Handelt es sich dabei um eine autorit\u00e4re Zuspitzung innerhalb des Neoliberalismus oder verdichten sich die gegenw\u00e4rtigen Entwicklungen zu einer neuen Formation des Kapitalismus? Auf unserem Kongress m\u00f6chten wir diesen und weiteren Fragen nachgehen. <\/p>\n\n\n\n<p>\u00dcber drei Tage hinweg schaffen wir Raum f\u00fcr Analyse, Diskussion und die gemeinsame Suche nach einem Ausweg aus der allgemeinen Unvernunft. Denn deutlich ist: Es kommen h\u00e4rtere Tage.<\/p>\n\n\n\n<p><\/p>\n","protected":false},"excerpt":{"rendered":"<p>Politik und \u00d6konomie befinden sich im Wandel: in den internationalen Beziehungen und in der Au\u00dfenpolitik, im Sozialstaat und auf dem Arbeitsmarkt ebenso wie bei Fragen der Reproduktion und der Geschlechterverh\u00e4ltnisse zeichnen sich umfassende Ver\u00e4nderungen ab. Wie sieht dieser Wandel im Einzelnen aus, was treibt ihn an und wohin f\u00fchrt er? Handelt es sich dabei um [&hellip;]<\/p>\n","protected":false},"author":1,"featured_media":0,"parent":0,"menu_order":0,"comment_status":"closed","ping_status":"closed","template":"","meta":{"footnotes":""},"class_list":["post-126","page","type-page","status-publish","hentry"],"yoast_head":"<!-- This site is optimized with the Yoast SEO plugin v27.5 - https:\/\/yoast.com\/product\/yoast-seo-wordpress\/ -->\n<title>Ank\u00fcndigung - Zeit zu Denken<\/title>\n<meta name=\"robots\" content=\"index, follow, max-snippet:-1, max-image-preview:large, max-video-preview:-1\" \/>\n<link rel=\"canonical\" href=\"https:\/\/zeitzudenken.arranca.de\/\" \/>\n<meta property=\"og:locale\" content=\"de_DE\" \/>\n<meta property=\"og:type\" content=\"article\" \/>\n<meta property=\"og:title\" content=\"Ank\u00fcndigung - Zeit zu Denken\" \/>\n<meta property=\"og:description\" content=\"Politik und \u00d6konomie befinden sich im Wandel: in den internationalen Beziehungen und in der Au\u00dfenpolitik, im Sozialstaat und auf dem Arbeitsmarkt ebenso wie bei Fragen der Reproduktion und der Geschlechterverh\u00e4ltnisse zeichnen sich umfassende Ver\u00e4nderungen ab. Wie sieht dieser Wandel im Einzelnen aus, was treibt ihn an und wohin f\u00fchrt er? Handelt es sich dabei um [&hellip;]\" \/>\n<meta property=\"og:url\" content=\"https:\/\/zeitzudenken.arranca.de\/\" \/>\n<meta property=\"og:site_name\" content=\"Zeit zu Denken\" \/>\n<meta property=\"article:modified_time\" content=\"2026-05-01T09:19:41+00:00\" \/>\n<meta property=\"og:image\" content=\"https:\/\/zeitzudenken.arranca.de\/wp-content\/uploads\/2026\/05\/ZZD_Plakat_Lila-scaled.png\" \/>\n\t<meta property=\"og:image:width\" content=\"1810\" \/>\n\t<meta property=\"og:image:height\" content=\"2560\" \/>\n\t<meta property=\"og:image:type\" content=\"image\/png\" \/>\n<meta name=\"twitter:card\" content=\"summary_large_image\" \/>\n<script type=\"application\/ld+json\" class=\"yoast-schema-graph\">{\"@context\":\"https:\\\/\\\/schema.org\",\"@graph\":[{\"@type\":\"WebPage\",\"@id\":\"https:\\\/\\\/zeitzudenken.arranca.de\\\/\",\"url\":\"https:\\\/\\\/zeitzudenken.arranca.de\\\/\",\"name\":\"Ank\u00fcndigung - Zeit zu Denken\",\"isPartOf\":{\"@id\":\"https:\\\/\\\/zeitzudenken.arranca.de\\\/#website\"},\"primaryImageOfPage\":{\"@id\":\"https:\\\/\\\/zeitzudenken.arranca.de\\\/#primaryimage\"},\"image\":{\"@id\":\"https:\\\/\\\/zeitzudenken.arranca.de\\\/#primaryimage\"},\"thumbnailUrl\":\"https:\\\/\\\/zeitzudenken.arranca.de\\\/wp-content\\\/uploads\\\/2026\\\/05\\\/ZZD_Plakat_Lila-724x1024.png\",\"datePublished\":\"2025-08-07T16:22:35+00:00\",\"dateModified\":\"2026-05-01T09:19:41+00:00\",\"breadcrumb\":{\"@id\":\"https:\\\/\\\/zeitzudenken.arranca.de\\\/#breadcrumb\"},\"inLanguage\":\"de\",\"potentialAction\":[{\"@type\":\"ReadAction\",\"target\":[\"https:\\\/\\\/zeitzudenken.arranca.de\\\/\"]}]},{\"@type\":\"ImageObject\",\"inLanguage\":\"de\",\"@id\":\"https:\\\/\\\/zeitzudenken.arranca.de\\\/#primaryimage\",\"url\":\"https:\\\/\\\/zeitzudenken.arranca.de\\\/wp-content\\\/uploads\\\/2026\\\/05\\\/ZZD_Plakat_Lila-scaled.png\",\"contentUrl\":\"https:\\\/\\\/zeitzudenken.arranca.de\\\/wp-content\\\/uploads\\\/2026\\\/05\\\/ZZD_Plakat_Lila-scaled.png\",\"width\":1810,\"height\":2560},{\"@type\":\"BreadcrumbList\",\"@id\":\"https:\\\/\\\/zeitzudenken.arranca.de\\\/#breadcrumb\",\"itemListElement\":[{\"@type\":\"ListItem\",\"position\":1,\"name\":\"Startseite\",\"item\":\"https:\\\/\\\/zeitzudenken.arranca.de\\\/\"},{\"@type\":\"ListItem\",\"position\":2,\"name\":\"Ank\u00fcndigung\"}]},{\"@type\":\"WebSite\",\"@id\":\"https:\\\/\\\/zeitzudenken.arranca.de\\\/#website\",\"url\":\"https:\\\/\\\/zeitzudenken.arranca.de\\\/\",\"name\":\"Zeit zu Denken\",\"description\":\"Antifa-Kongress zur Krise des Neoliberalismus\",\"publisher\":{\"@id\":\"https:\\\/\\\/zeitzudenken.arranca.de\\\/#organization\"},\"potentialAction\":[{\"@type\":\"SearchAction\",\"target\":{\"@type\":\"EntryPoint\",\"urlTemplate\":\"https:\\\/\\\/zeitzudenken.arranca.de\\\/?s={search_term_string}\"},\"query-input\":{\"@type\":\"PropertyValueSpecification\",\"valueRequired\":true,\"valueName\":\"search_term_string\"}}],\"inLanguage\":\"de\"},{\"@type\":\"Organization\",\"@id\":\"https:\\\/\\\/zeitzudenken.arranca.de\\\/#organization\",\"name\":\"Zeit zu Denken\",\"url\":\"https:\\\/\\\/zeitzudenken.arranca.de\\\/\",\"logo\":{\"@type\":\"ImageObject\",\"inLanguage\":\"de\",\"@id\":\"https:\\\/\\\/zeitzudenken.arranca.de\\\/#\\\/schema\\\/logo\\\/image\\\/\",\"url\":\"https:\\\/\\\/zeitzudenken.arranca.de\\\/wp-content\\\/uploads\\\/2026\\\/05\\\/cropped-Logo-rund-lila-1.png\",\"contentUrl\":\"https:\\\/\\\/zeitzudenken.arranca.de\\\/wp-content\\\/uploads\\\/2026\\\/05\\\/cropped-Logo-rund-lila-1.png\",\"width\":512,\"height\":512,\"caption\":\"Zeit zu Denken\"},\"image\":{\"@id\":\"https:\\\/\\\/zeitzudenken.arranca.de\\\/#\\\/schema\\\/logo\\\/image\\\/\"}}]}<\/script>\n<!-- \/ Yoast SEO plugin. -->","yoast_head_json":{"title":"Ank\u00fcndigung - Zeit zu Denken","robots":{"index":"index","follow":"follow","max-snippet":"max-snippet:-1","max-image-preview":"max-image-preview:large","max-video-preview":"max-video-preview:-1"},"canonical":"https:\/\/zeitzudenken.arranca.de\/","og_locale":"de_DE","og_type":"article","og_title":"Ank\u00fcndigung - Zeit zu Denken","og_description":"Politik und \u00d6konomie befinden sich im Wandel: in den internationalen Beziehungen und in der Au\u00dfenpolitik, im Sozialstaat und auf dem Arbeitsmarkt ebenso wie bei Fragen der Reproduktion und der Geschlechterverh\u00e4ltnisse zeichnen sich umfassende Ver\u00e4nderungen ab. Wie sieht dieser Wandel im Einzelnen aus, was treibt ihn an und wohin f\u00fchrt er? Handelt es sich dabei um [&hellip;]","og_url":"https:\/\/zeitzudenken.arranca.de\/","og_site_name":"Zeit zu Denken","article_modified_time":"2026-05-01T09:19:41+00:00","og_image":[{"width":1810,"height":2560,"url":"https:\/\/zeitzudenken.arranca.de\/wp-content\/uploads\/2026\/05\/ZZD_Plakat_Lila-scaled.png","type":"image\/png"}],"twitter_card":"summary_large_image","schema":{"@context":"https:\/\/schema.org","@graph":[{"@type":"WebPage","@id":"https:\/\/zeitzudenken.arranca.de\/","url":"https:\/\/zeitzudenken.arranca.de\/","name":"Ank\u00fcndigung - Zeit zu Denken","isPartOf":{"@id":"https:\/\/zeitzudenken.arranca.de\/#website"},"primaryImageOfPage":{"@id":"https:\/\/zeitzudenken.arranca.de\/#primaryimage"},"image":{"@id":"https:\/\/zeitzudenken.arranca.de\/#primaryimage"},"thumbnailUrl":"https:\/\/zeitzudenken.arranca.de\/wp-content\/uploads\/2026\/05\/ZZD_Plakat_Lila-724x1024.png","datePublished":"2025-08-07T16:22:35+00:00","dateModified":"2026-05-01T09:19:41+00:00","breadcrumb":{"@id":"https:\/\/zeitzudenken.arranca.de\/#breadcrumb"},"inLanguage":"de","potentialAction":[{"@type":"ReadAction","target":["https:\/\/zeitzudenken.arranca.de\/"]}]},{"@type":"ImageObject","inLanguage":"de","@id":"https:\/\/zeitzudenken.arranca.de\/#primaryimage","url":"https:\/\/zeitzudenken.arranca.de\/wp-content\/uploads\/2026\/05\/ZZD_Plakat_Lila-scaled.png","contentUrl":"https:\/\/zeitzudenken.arranca.de\/wp-content\/uploads\/2026\/05\/ZZD_Plakat_Lila-scaled.png","width":1810,"height":2560},{"@type":"BreadcrumbList","@id":"https:\/\/zeitzudenken.arranca.de\/#breadcrumb","itemListElement":[{"@type":"ListItem","position":1,"name":"Startseite","item":"https:\/\/zeitzudenken.arranca.de\/"},{"@type":"ListItem","position":2,"name":"Ank\u00fcndigung"}]},{"@type":"WebSite","@id":"https:\/\/zeitzudenken.arranca.de\/#website","url":"https:\/\/zeitzudenken.arranca.de\/","name":"Zeit zu Denken","description":"Antifa-Kongress zur Krise des Neoliberalismus","publisher":{"@id":"https:\/\/zeitzudenken.arranca.de\/#organization"},"potentialAction":[{"@type":"SearchAction","target":{"@type":"EntryPoint","urlTemplate":"https:\/\/zeitzudenken.arranca.de\/?s={search_term_string}"},"query-input":{"@type":"PropertyValueSpecification","valueRequired":true,"valueName":"search_term_string"}}],"inLanguage":"de"},{"@type":"Organization","@id":"https:\/\/zeitzudenken.arranca.de\/#organization","name":"Zeit zu Denken","url":"https:\/\/zeitzudenken.arranca.de\/","logo":{"@type":"ImageObject","inLanguage":"de","@id":"https:\/\/zeitzudenken.arranca.de\/#\/schema\/logo\/image\/","url":"https:\/\/zeitzudenken.arranca.de\/wp-content\/uploads\/2026\/05\/cropped-Logo-rund-lila-1.png","contentUrl":"https:\/\/zeitzudenken.arranca.de\/wp-content\/uploads\/2026\/05\/cropped-Logo-rund-lila-1.png","width":512,"height":512,"caption":"Zeit zu Denken"},"image":{"@id":"https:\/\/zeitzudenken.arranca.de\/#\/schema\/logo\/image\/"}}]}},"_links":{"self":[{"href":"https:\/\/zeitzudenken.arranca.de\/index.php\/wp-json\/wp\/v2\/pages\/126","targetHints":{"allow":["GET"]}}],"collection":[{"href":"https:\/\/zeitzudenken.arranca.de\/index.php\/wp-json\/wp\/v2\/pages"}],"about":[{"href":"https:\/\/zeitzudenken.arranca.de\/index.php\/wp-json\/wp\/v2\/types\/page"}],"author":[{"embeddable":true,"href":"https:\/\/zeitzudenken.arranca.de\/index.php\/wp-json\/wp\/v2\/users\/1"}],"replies":[{"embeddable":true,"href":"https:\/\/zeitzudenken.arranca.de\/index.php\/wp-json\/wp\/v2\/comments?post=126"}],"version-history":[{"count":32,"href":"https:\/\/zeitzudenken.arranca.de\/index.php\/wp-json\/wp\/v2\/pages\/126\/revisions"}],"predecessor-version":[{"id":463,"href":"https:\/\/zeitzudenken.arranca.de\/index.php\/wp-json\/wp\/v2\/pages\/126\/revisions\/463"}],"wp:attachment":[{"href":"https:\/\/zeitzudenken.arranca.de\/index.php\/wp-json\/wp\/v2\/media?parent=126"}],"curies":[{"name":"wp","href":"https:\/\/api.w.org\/{rel}","templated":true}]}}